{"id":650,"date":"2024-02-27T17:15:31","date_gmt":"2024-02-27T16:15:31","guid":{"rendered":"https:\/\/elestialmineral.com\/?post_type=product&#038;p=650"},"modified":"2024-03-25T23:26:26","modified_gmt":"2024-03-25T22:26:26","slug":"dije-gota","status":"publish","type":"product","link":"https:\/\/elestialmineral.com\/index.php\/producto\/dije-gota\/","title":{"rendered":"DIJE GOTA CUARZOS DIVERSOS  A &#8211; 15x24MM     PZA"},"content":{"rendered":"<p>Explora la diversidad de la naturaleza con nuestra colecci\u00f3n de dijes de gota variados, donde cada pieza es una celebraci\u00f3n de la singularidad de los minerales. Desde la misteriosa profundidad del \u00f3nix hasta la delicada translucidez del cuarzo, cada dije est\u00e1 meticulosamente elaborado a partir de materiales naturales, creando una experiencia de belleza aut\u00e9ntica y \u00fanica.<\/p>\n<p>Cada dije de gota es una obra de arte en s\u00ed misma, con su propio car\u00e1cter y encanto distintivos. Sum\u00e9rgete en la rica tonalidad del jade, la brillante luminiscencia de la turquesa o la c\u00e1lida elegancia del \u00e1mbar, y descubre c\u00f3mo cada material cuenta su propia historia en tu joyer\u00eda.<\/p>\n<p>Con nuestra colecci\u00f3n de dijes de gota variados, puedes expresar tu estilo personal de una manera aut\u00e9ntica y significativa. Ya sea que elijas la fuerza y la estabilidad del hematites o la suave serenidad del cristal de cuarzo, cada dije es una declaraci\u00f3n de tu conexi\u00f3n con la belleza natural del mundo que te rodea.<\/p>\n","protected":false},"excerpt":{"rendered":"<p>D\u00e9jate llevar por la magia de la variedad y encuentra el dije de gota que refleje tu esencia \u00fanica y tu estilo individual. \u00a1Tu pr\u00f3xima pieza favorita te est\u00e1 esperando en nuestra colecci\u00f3n de dijes de gota variados!<\/p>\n","protected":false},"featured_media":783,"comment_status":"open","ping_status":"closed","template":"","meta":[],"product_cat":[29,34],"product_tag":[],"jetpack_sharing_enabled":true,"_links":{"self":[{"href":"https:\/\/elestialmineral.com\/index.php\/wp-json\/wp\/v2\/product\/650"}],"collection":[{"href":"https:\/\/elestialmineral.com\/index.php\/wp-json\/wp\/v2\/product"}],"about":[{"href":"https:\/\/elestialmineral.com\/index.php\/wp-json\/wp\/v2\/types\/product"}],"replies":[{"embeddable":true,"href":"https:\/\/elestialmineral.com\/index.php\/wp-json\/wp\/v2\/comments?post=650"}],"wp:featuredmedia":[{"embeddable":true,"href":"https:\/\/elestialmineral.com\/index.php\/wp-json\/wp\/v2\/media\/783"}],"wp:attachment":[{"href":"https:\/\/elestialmineral.com\/index.php\/wp-json\/wp\/v2\/media?parent=650"}],"wp:term":[{"taxonomy":"product_cat","embeddable":true,"href":"https:\/\/elestialmineral.com\/index.php\/wp-json\/wp\/v2\/product_cat?post=650"},{"taxonomy":"product_tag","embeddable":true,"href":"https:\/\/elestialmineral.com\/index.php\/wp-json\/wp\/v2\/product_tag?post=650"}],"curies":[{"name":"wp","href":"https:\/\/api.w.org\/{rel}","templated":true}]}}